. Calculate the remainder when 26 is divided by f.
12
What is the remainder when (-10 + 64)*(-2)/(-6) is divided by (-22)/(-4) + (-1)/2?
3
Let m(j) = j**3 + 14*j**2 - 2*j + 9. Calculate the remainder when m(-14) is divided by 8.
5
Let x = 39 - 19. Let i = 9 + -15. Let g = 1 - i. Calculate the remainder when x is divided by g.
6
Suppose -14 = -4*q + 14. Let u(f) = -2*f + 8. Calculate the remainder when u(-2) is divided by q.
5
Let m = 81 + -20. Let n(k) = 21*k. Calculate the remainder when m is divided by n(1).
19
Suppose 3*c + 27 = 4*n + 92, -4*c + n + 104 = 0. Calculate the remainder when c is divided by 10.
7
Suppose 2*j - 30 = -3*j. Calculate the remainder when 20 + (-4)/(8/(-6)) is divided by j.
5
Calculate the remainder when (0 - 28)/(28/(-14)) is divided by 8.
6
Suppose -2*i = 2*w - 44, 3*w = 2*i - i - 30. What is the remainder when i is divided by 9?
6
Suppose -8 = -3*w - 2. Suppose -3 = -s + b, -s - 23 = -w*s - 3*b. What is the remainder when 22 is divided by s?
6
Suppose 9*f = 83 + 376. What is the remainder when f is divided by 11?
7
Let k be 1/(-2) - (-18)/4. Let n(h) = -h - 17. Let j be n(-19). Suppose -k*z - 2*o = -96, -2*o = -2*z - j*z + 88. What is the remainder when z is divided by 12?
11
Let y(b) = -5*b - 2. Suppose 0*x + 4*x = 0. Suppose -2*n + 50 = -0*s + 5*s, -n - 4*s + 31 = x. Calculate the remainder when n is divided by y(-2).
7
Suppose 3*g - 2 = 2*d + 60, -4*d = -8. What is the remainder when 41 is divided by g?
19
What is the remainder when 1036/(-21)*3*(-2 - -1) is divided by 30?
28
Calculate the remainder when 2/(0 + 8/20) is divided by 4.
1
Let z = -99 - -113. Calculate the remainder when 27 is divided by z.
13
Let w be (-2 + 3)/(2/72). Suppose s = -s + w. What is the remainder when 53 is divided by s?
17
What is the remainder when (-24)/(-4)*40/6 is divided by 6?
4
Let y(s) = -6*s**3 - 2*s**2 - 2*s - 1. Let m be y(-1). Let i = -2 + m. Calculate the remainder when 5 is divided by i.
2
Suppose 5*d + 4*q = 32, -3 = -2*d - q + 8. Let l(n) = n**2 + 7*n + 4. Let y be l(-5). Let b = y + 13. Calculate the remainder when b is divided by d.
3
Let t = -18 + 56. Suppose -3*l + 5 = 5*s - 0*s, -5*l = 5*s - 15. Suppose 2*f - 3*f + 37 = 2*z, 2*z - 55 = l*f. What is the remainder when t is divided by z?
18
Let f = 77 + -69. Calculate the remainder when 29 is divided by f.
5
Let y(p) = 15*p**2 + 2*p - 1. Let r be 1 + (-2 + 4 - -4). Let g(m) = m**2 - 8*m + 8. Let j be g(r). Calculate the remainder when y(j) is divided by 9.
7
Let a(d) = -d**2 - 21*d + 7. Calculate the remainder when 24 is divided by a(-21).
3
Let q(n) = -n + 3*n**2 - n**3 - n**3 + 2*n**2 + 1 + 3*n**3. What is the remainder when 21 is divided by q(-5)?
3
What is the remainder when 1842/12 - (-6)/(-4) is divided by 31?
28
Let i(n) = -n**2 + 6*n - 1. Let g be i(5). Let h(a) = a**3 - 3*a**2 + 4*a - 6. What is the remainder when h(g) is divided by (6/4)/((-9)/(-84))?
12
Calculate the remainder when 17 is divided by 2 + 4 - (-3 + 1 + -1).
8
Suppose -2*b + 163 = 35. Suppose 6*g - b = 2*g. Let f = 12 + -6. What is the remainder when g is divided by f?
4
Calculate the remainder when 182/56 - (-1)/(-4) is divided by 1.
0
Suppose -24 = 2*g - 38. Calculate the remainder when g is divided by 7.
0
Let d(l) = 58*l**2 - l + 1. Suppose 10*t - 11*t + 12 = 0. Calculate the remainder when d(1) is divided by t.
10
Suppose f = -0*f - 4*m + 21, 0 = -f + 4*m + 5. Calculate the remainder when 50 is divided by f.
11
Let m(i) = -i**3 - 14*i**2 + 3*i + 21. Let h be m(-14). Let q = -12 - h. Calculate the remainder when -1 - (0 - (2 + 15)) is divided by q.
7
Let o(y) = -y**3 - 3*y**2 - 3*y. What is the remainder when o(-3) is divided by 6?
3
Let d(y) = -y**2 - 5*y + 8. Let s be d(-6). Let h = 7 - -4. Suppose -h - 65 = -3*f + 4*l, s*l = f - 26. Calculate the remainder when f is divided by 13.
11
Let n(d) = -d**2 - 6*d - 5. Let s be n(-4). Let i(t) = 4*t + 2*t - 3*t. Calculate the remainder when 17 is divided by i(s).
8
Let q = 92 - 75. What is the remainder when 25 is divided by q?
8
Calculate the remainder when 32 is divided by 19 + (5 - 4) + -3.
15
Suppose 0 = 5*t + 75 - 275. Let a(l) = 4*l + 1. Let d be a(1). Suppose 0 = d*b - 64 - 6. Calculate the remainder when t is divided by b.
12
Let k(p) = -4*p**3 - 3*p**2 - p. Let n be k(-3). Suppose -s = -5*s + n. What is the remainder when s is divided by 6?
3
Suppose -h + 2*f + 1 = -0*h, 3*h - 3*f = 0. Let u be 9*h/9*-3. Let t(j) = 4*j - 2. Calculate the remainder when t(u) is divided by 6.
4
Let t = 2 + 10. Let b = 121 - 78. Let m = 78 - b. Calculate the remainder when m is divided by t.
11
Suppose -4 = -4*a, -4*a = 4*r - 3*r - 35. Let w be 36/15 + (-4)/10. Suppose s = w*s - r. Calculate the remainder when s is divided by 11.
9
Let b(q) = -13*q**3 + q**2 - 3*q + 2. Let s(y) = -9*y**3 + y**2 - 2*y + 1. Let i(u) = 5*b(u) - 7*s(u). What is the remainder when i(-3) is divided by 15?
12
Let w(j) = j**2 + 3*j - 1. Let b be w(-5). Suppose -b*t + 4*t = -20. What is the remainder when 11 is divided by t?
3
Suppose -3 = 9*m - 21. Let u(b) be the second derivative of 3*b**4/4 - b**3/3 - b**2/2 + b. What is the remainder when u(m) is divided by 16?
15
Suppose -9 + 21 = 3*a. Calculate the remainder when 30 is divided by a.
2
Suppose -d + 13 = -12. What is the remainder when d is divided by 14?
11
Suppose 3*a - 52 + 7 = 0. Calculate the remainder when 72 is divided by a.
12
Let s be (1/(-3))/(4/36). Let p = 4 + s. What is the remainder when (-18)/(-8)*(p - -23) is divided by 14?
12
Suppose -2*z - 1 + 17 = 3*n, -4*n = z - 28. Let d = n + 47. What is the remainder when d is divided by 19?
17
Suppose 2*x - 14 = -4*a, a + x - 4 = -2. What is the remainder when (0 - (2 - 0)) + 9 is divided by a?
2
Let v(k) = 3*k. Let x be v(6). Let l = -11 + x. Let a = 0 + 2. Calculate the remainder when l is divided by a.
1
Let y = 8 + -7. Suppose 5 = 3*t - y. Let u(z) = 5*z**3 - 2*z**2 - 3*z + 3. Calculate the remainder when u(t) is divided by 10.
9
Let j(b) = -10*b + 10*b + 7*b**2. Let v be j(1). What is the remainder when 25 is divided by (v/14)/(1/18)?
7
Suppose 0 = -3*k - k + 136. Suppose -3*a + 15 = 0, 2*a + k = n + 3*n. Suppose 62 = 2*y - 2. What is the remainder when y is divided by n?
10
Let y(n) = 2*n**2 - 7*n - 6. What is the remainder when 47 is divided by y(6)?
23
Let m be 6 + (5 - (2 - -1)). Let x = 3 + m. What is the remainder when x is divided by 6?
5
Suppose 0 = -3*a + 1 - 7. Let b = 70 + a. Let o = -45 + b. What is the remainder when o is divided by 8?
7
Suppose 3 = h - 4. Let v(s) = -24*s + 1. Calculate the remainder when v(-1) is divided by h.
4
Let t(r) = -2*r**2 + 0*r**2 - 4*r**2 + 3*r + 5*r**2. Let x be t(3). Suppose -5*o = -x*o - 90. Calculate the remainder when 34 is divided by o.
16
Let o(d) = 2*d + 2 - 2*d + d + 5*d**2. Let m be o(-4). Suppose -m = -5*a - 13. Calculate the remainder when a is divided by 5.
3
Suppose -65 = -5*t + 5*d, 2*t - 49 = -2*t + 3*d. Let n be ((-16)/(-6))/(-4)*-3. Calculate the remainder when t is divided by 4 + (0/n - -2).
4
Let j = -102 - -234. What is the remainder when j is divided by 27?
24
Let l(x) = -x**3 + 6*x**2 + 11*x - 8. Calculate the remainder when 97 is divided by l(7).
17
Let h = 12 + -11. What is the remainder when h is divided by (-4)/(-8) - 1/(-2)?
0
Let t(l) = 2*l**2 + 8*l + 3. Let g be (-34)/(-10) - (-6)/(-15). Let x = 10 - g. Calculate the remainder when t(-5) is divided by x.
6
Suppose 5*u - 5*q - 10 = 0, 8*q - 26 = -4*u + 3*q. Suppose 0 = -8*r + u*r. Suppose r = 2*n - 2 - 2. What is the remainder when n is divided by 1?
0
Let g = 11 - 4. Let n = g + 13. What is the remainder when (n/8)/(1/2) is divided by 3?
2
Suppose 43*n = 41*n + 6. Calculate the remainder when 17 is divided by n.
2
Let l = -6 + 8. Suppose -l*z + 7 = -7. Suppose 4*f + z = 5*f. What is the remainder when f is divided by 4?
3
Let d be 239/3 + 2/(-3). Suppose -3*p + 5*p = -3*h + d, -4*h = p - 102. What is the remainder when h is divided by 9?
7
Let x = 7 - -4. Calculate the remainder when x is divided by 4.
3
Let k = -1 - -1. Suppose -3*i + 12 = k, 4*t = t - i + 34. Let n(x) = 6*x**2 - 4*x - 3. Calculate the remainder when n(-2) is divided by t.
9
Let j = 100 + -34. Let r = 104 - j. Suppose -2*i - r = -u - 3*i, -i + 78 = 2*u. What is the remai